{"id":22,"date":"2023-06-25T18:37:02","date_gmt":"2023-06-25T16:37:02","guid":{"rendered":"https:\/\/www.griffonne.fr\/?page_id=22"},"modified":"2024-03-06T22:30:05","modified_gmt":"2024-03-06T21:30:05","slug":"galerie","status":"publish","type":"page","link":"https:\/\/www.griffonne.fr\/index.php\/galerie\/","title":{"rendered":"Galerie"},"content":{"rendered":"\t\t<div data-elementor-type=\"wp-page\" data-elementor-id=\"22\" class=\"elementor elementor-22\">\n\t\t\t\t\t\t<section class=\"elementor-section elementor-top-section elementor-element elementor-element-0754d3f elementor-section-boxed elementor-section-height-default elementor-section-height-default exad-glass-effect-no exad-sticky-section-no\" data-id=\"0754d3f\" data-element_type=\"section\" data-e-type=\"section\">\n\t\t\t\t\t\t<div class=\"elementor-container elementor-column-gap-default\">\n\t\t\t\t\t<div class=\"elementor-column elementor-col-100 elementor-top-column elementor-element elementor-element-f56ccee exad-glass-effect-no exad-sticky-section-no\" data-id=\"f56ccee\" data-element_type=\"column\" data-e-type=\"column\">\n\t\t\t<div class=\"elementor-widget-wrap elementor-element-populated\">\n\t\t\t\t\t\t<div class=\"elementor-element elementor-element-5d5b4d5 exad-sticky-section-no exad-glass-effect-no elementor-widget elementor-widget-heading\" data-id=\"5d5b4d5\" data-element_type=\"widget\" data-e-type=\"widget\" data-widget_type=\"heading.default\">\n\t\t\t\t<div class=\"elementor-widget-container\">\n\t\t\t\t\t<h2 class=\"elementor-heading-title elementor-size-default\">Galerie<\/h2>\t\t\t\t<\/div>\n\t\t\t\t<\/div>\n\t\t\t\t\t<\/div>\n\t\t<\/div>\n\t\t\t\t\t<\/div>\n\t\t<\/section>\n\t\t\t\t<section class=\"elementor-section elementor-top-section elementor-element elementor-element-9d7eeb7 elementor-section-boxed elementor-section-height-default elementor-section-height-default exad-glass-effect-no exad-sticky-section-no\" data-id=\"9d7eeb7\" data-element_type=\"section\" data-e-type=\"section\">\n\t\t\t\t\t\t<div class=\"elementor-container elementor-column-gap-default\">\n\t\t\t\t\t<div class=\"elementor-column elementor-col-100 elementor-top-column elementor-element elementor-element-d35e698 exad-glass-effect-no exad-sticky-section-no\" data-id=\"d35e698\" data-element_type=\"column\" data-e-type=\"column\">\n\t\t\t<div class=\"elementor-widget-wrap elementor-element-populated\">\n\t\t\t\t\t\t<div class=\"elementor-element elementor-element-944ee7d exad-sticky-section-no exad-glass-effect-no elementor-widget elementor-widget-spacer\" data-id=\"944ee7d\" data-element_type=\"widget\" data-e-type=\"widget\" data-widget_type=\"spacer.default\">\n\t\t\t\t<div class=\"elementor-widget-container\">\n\t\t\t\t\t\t\t<div class=\"elementor-spacer\">\n\t\t\t<div class=\"elementor-spacer-inner\"><\/div>\n\t\t<\/div>\n\t\t\t\t\t\t<\/div>\n\t\t\t\t<\/div>\n\t\t\t\t<div class=\"elementor-element elementor-element-8d2f928 exad-sticky-section-no exad-glass-effect-no elementor-widget elementor-widget-text-editor\" data-id=\"8d2f928\" data-element_type=\"widget\" data-e-type=\"widget\" data-widget_type=\"text-editor.default\">\n\t\t\t\t<div class=\"elementor-widget-container\">\n\t\t\t\t\t\t\t\t\tChoisissez une pi\u00e8ce\t\t\t\t\t\t\t\t<\/div>\n\t\t\t\t<\/div>\n\t\t\t\t<div class=\"elementor-element elementor-element-c847968 exad-sticky-section-no exad-glass-effect-no elementor-widget elementor-widget-spacer\" data-id=\"c847968\" data-element_type=\"widget\" data-e-type=\"widget\" data-widget_type=\"spacer.default\">\n\t\t\t\t<div class=\"elementor-widget-container\">\n\t\t\t\t\t\t\t<div class=\"elementor-spacer\">\n\t\t\t<div class=\"elementor-spacer-inner\"><\/div>\n\t\t<\/div>\n\t\t\t\t\t\t<\/div>\n\t\t\t\t<\/div>\n\t\t\t\t<div class=\"elementor-element elementor-element-59b8e1e exad-sticky-section-no exad-glass-effect-no elementor-widget elementor-widget-spacer\" data-id=\"59b8e1e\" data-element_type=\"widget\" data-e-type=\"widget\" data-widget_type=\"spacer.default\">\n\t\t\t\t<div class=\"elementor-widget-container\">\n\t\t\t\t\t\t\t<div class=\"elementor-spacer\">\n\t\t\t<div class=\"elementor-spacer-inner\"><\/div>\n\t\t<\/div>\n\t\t\t\t\t\t<\/div>\n\t\t\t\t<\/div>\n\t\t\t\t<div class=\"elementor-element elementor-element-964f42e exad-sticky-section-no exad-glass-effect-no elementor-widget elementor-widget-exad-filterable-gallery\" data-id=\"964f42e\" data-element_type=\"widget\" data-e-type=\"widget\" data-widget_type=\"exad-filterable-gallery.default\">\n\t\t\t\t<div class=\"elementor-widget-container\">\n\t\t\t\t\t\r\n        <div id =\"exad-filterable-gallery-id-964f42e\" class=\"exad-gallery-items\">\r\n            <div class=\"exad-gallery-one exad-gallery-wrapper\">\r\n                                <div class=\"exad-gallery-menu\">\r\n                                                <button data-filter=\"*\" class=\"filter-item current\">Tous<\/button>\r\n                        <button class=\"filter-item\" data-filter=\".salon-s\u00e9jour\">salon-s\u00e9jour<\/button><button class=\"filter-item\" data-filter=\".cuisine\">cuisine<\/button><button class=\"filter-item\" data-filter=\".sdb\">sdb<\/button><button class=\"filter-item\" data-filter=\".atelier\">atelier<\/button><button class=\"filter-item\" data-filter=\".bureau\">bureau<\/button>                    <\/div>\r\n                    \r\n                <div id=\"filters-964f42e\" class=\"exad-gallery-element\">\r\n                                        <div class=\"exad-gallery-item salon-s\u00e9jour exad-col-3\">\r\n                            <div class=\"exad-gallery-content-wrapper\">\r\n                                <div class=\"exad-gallery-image\">\r\n                                \r\n                                    <div class=\"exad-gallery-thumbnail-holder\" style=\"background-image: url('https:\/\/www.griffonne.fr\/wp-content\/uploads\/2024\/03\/01_Voyage_et_detente-scaled.jpg');\"><\/div>\r\n                                        <div class=\"exad-gallery-item-overlay exad-zoom-in\">\r\n                                            <div class=\"exad-gallery-item-overlay-content\">\r\n                                                                                            <div class=\"exad-fg-icons\">\r\n                                                \r\n                                                        <a href=\"https:\/\/www.griffonne.fr\/wp-content\/uploads\/2024\/03\/01_Voyage_et_detente-scaled.jpg\" data-elementor-open-lightbox=\"default\" data-elementor-lightbox-slideshow=\"964f42e\" data-elementor-lightbox-index=\"0\">\r\n                                                            <i aria-hidden=\"true\" class=\"fas fa-search\"><\/i>                                                        <\/a>\r\n                                                                                                    <\/div>\r\n                                                                                    <\/div>\r\n                                    <\/div>\r\n                                <\/div>\r\n                                <div class=\"exad-gallery-item-content below-image\"><h2>Voyage et d\u00e9tente<\/h2><p>Salon-s\u00e9jour de 25 m\u00b2 \/ Sur plan<\/p><\/div>                            <\/div>\r\n                        <\/div>\r\n                                                <div class=\"exad-gallery-item cuisine exad-col-3\">\r\n                            <div class=\"exad-gallery-content-wrapper\">\r\n                                <div class=\"exad-gallery-image\">\r\n                                \r\n                                    <div class=\"exad-gallery-thumbnail-holder\" style=\"background-image: url('https:\/\/www.griffonne.fr\/wp-content\/uploads\/2023\/06\/02_Convivialite_et_design.jpg');\"><\/div>\r\n                                        <div class=\"exad-gallery-item-overlay exad-zoom-in\">\r\n                                            <div class=\"exad-gallery-item-overlay-content\">\r\n                                                                                            <div class=\"exad-fg-icons\">\r\n                                                \r\n                                                        <a href=\"https:\/\/www.griffonne.fr\/wp-content\/uploads\/2023\/06\/02_Convivialite_et_design.jpg\" data-elementor-open-lightbox=\"default\" data-elementor-lightbox-slideshow=\"964f42e\" data-elementor-lightbox-index=\"1\">\r\n                                                            <i aria-hidden=\"true\" class=\"fas fa-search\"><\/i>                                                        <\/a>\r\n                                                                                                    <\/div>\r\n                                                                                    <\/div>\r\n                                    <\/div>\r\n                                <\/div>\r\n                                <div class=\"exad-gallery-item-content below-image\"><h2>Convivialit\u00e9 et design<\/h2><p>Cuisine de 18 m\u00b2 \/ Maison neuve<\/p><\/div>                            <\/div>\r\n                        <\/div>\r\n                                                <div class=\"exad-gallery-item salon-s\u00e9jour exad-col-3\">\r\n                            <div class=\"exad-gallery-content-wrapper\">\r\n                                <div class=\"exad-gallery-image\">\r\n                                \r\n                                    <div class=\"exad-gallery-thumbnail-holder\" style=\"background-image: url('https:\/\/www.griffonne.fr\/wp-content\/uploads\/2023\/06\/03_Ambiance_terracotta.jpg');\"><\/div>\r\n                                        <div class=\"exad-gallery-item-overlay exad-zoom-in\">\r\n                                            <div class=\"exad-gallery-item-overlay-content\">\r\n                                                                                            <div class=\"exad-fg-icons\">\r\n                                                \r\n                                                        <a href=\"https:\/\/www.griffonne.fr\/wp-content\/uploads\/2023\/06\/03_Ambiance_terracotta.jpg\" data-elementor-open-lightbox=\"default\" data-elementor-lightbox-slideshow=\"964f42e\" data-elementor-lightbox-index=\"2\">\r\n                                                            <i aria-hidden=\"true\" class=\"fas fa-search\"><\/i>                                                        <\/a>\r\n                                                                                                    <\/div>\r\n                                                                                    <\/div>\r\n                                    <\/div>\r\n                                <\/div>\r\n                                <div class=\"exad-gallery-item-content below-image\"><h2>Ambiance Terracotta<\/h2><p>Salon de 31 m\u00b2 \/ R\u00e9novation<\/p><\/div>                            <\/div>\r\n                        <\/div>\r\n                                                <div class=\"exad-gallery-item sdb exad-col-3\">\r\n                            <div class=\"exad-gallery-content-wrapper\">\r\n                                <div class=\"exad-gallery-image\">\r\n                                \r\n                                    <div class=\"exad-gallery-thumbnail-holder\" style=\"background-image: url('https:\/\/www.griffonne.fr\/wp-content\/uploads\/2023\/06\/04_Cocon_relaxant.jpg');\"><\/div>\r\n                                        <div class=\"exad-gallery-item-overlay exad-zoom-in\">\r\n                                            <div class=\"exad-gallery-item-overlay-content\">\r\n                                                                                            <div class=\"exad-fg-icons\">\r\n                                                \r\n                                                        <a href=\"https:\/\/www.griffonne.fr\/wp-content\/uploads\/2023\/06\/04_Cocon_relaxant.jpg\" data-elementor-open-lightbox=\"default\" data-elementor-lightbox-slideshow=\"964f42e\" data-elementor-lightbox-index=\"3\">\r\n                                                            <i aria-hidden=\"true\" class=\"fas fa-search\"><\/i>                                                        <\/a>\r\n                                                                                                    <\/div>\r\n                                                                                    <\/div>\r\n                                    <\/div>\r\n                                <\/div>\r\n                                <div class=\"exad-gallery-item-content below-image\"><h2>Cocon relaxant<\/h2><p>SDB de 2,2 m\u00b2 \/  R\u00e9novation<\/p><\/div>                            <\/div>\r\n                        <\/div>\r\n                                                <div class=\"exad-gallery-item atelier exad-col-3\">\r\n                            <div class=\"exad-gallery-content-wrapper\">\r\n                                <div class=\"exad-gallery-image\">\r\n                                \r\n                                    <div class=\"exad-gallery-thumbnail-holder\" style=\"background-image: url('https:\/\/www.griffonne.fr\/wp-content\/uploads\/2023\/06\/05_Creativite_liberee.jpg');\"><\/div>\r\n                                        <div class=\"exad-gallery-item-overlay exad-zoom-in\">\r\n                                            <div class=\"exad-gallery-item-overlay-content\">\r\n                                                                                            <div class=\"exad-fg-icons\">\r\n                                                \r\n                                                        <a href=\"https:\/\/www.griffonne.fr\/wp-content\/uploads\/2023\/06\/05_Creativite_liberee.jpg\" data-elementor-open-lightbox=\"default\" data-elementor-lightbox-slideshow=\"964f42e\" data-elementor-lightbox-index=\"4\">\r\n                                                            <i aria-hidden=\"true\" class=\"fas fa-search\"><\/i>                                                        <\/a>\r\n                                                                                                    <\/div>\r\n                                                                                    <\/div>\r\n                                    <\/div>\r\n                                <\/div>\r\n                                <div class=\"exad-gallery-item-content below-image\"><h2>Creativit\u00e9 lib\u00e9r\u00e9e<\/h2><p>Atelier de 40 m\u00b2 \/  Sur plan<\/p><\/div>                            <\/div>\r\n                        <\/div>\r\n                                                <div class=\"exad-gallery-item cuisine exad-col-3\">\r\n                            <div class=\"exad-gallery-content-wrapper\">\r\n                                <div class=\"exad-gallery-image\">\r\n                                \r\n                                    <div class=\"exad-gallery-thumbnail-holder\" style=\"background-image: url('https:\/\/www.griffonne.fr\/wp-content\/uploads\/2023\/06\/06_Chic_et_romantique.jpg');\"><\/div>\r\n                                        <div class=\"exad-gallery-item-overlay exad-zoom-in\">\r\n                                            <div class=\"exad-gallery-item-overlay-content\">\r\n                                                                                            <div class=\"exad-fg-icons\">\r\n                                                \r\n                                                        <a href=\"https:\/\/www.griffonne.fr\/wp-content\/uploads\/2023\/06\/06_Chic_et_romantique.jpg\" data-elementor-open-lightbox=\"default\" data-elementor-lightbox-slideshow=\"964f42e\" data-elementor-lightbox-index=\"5\">\r\n                                                            <i aria-hidden=\"true\" class=\"fas fa-search\"><\/i>                                                        <\/a>\r\n                                                                                                    <\/div>\r\n                                                                                    <\/div>\r\n                                    <\/div>\r\n                                <\/div>\r\n                                <div class=\"exad-gallery-item-content below-image\"><h2>Chic et romantique<\/h2><p>Cuisine de 12,2 m\u00b2 \/ R\u00e9novation<\/p><\/div>                            <\/div>\r\n                        <\/div>\r\n                                                <div class=\"exad-gallery-item bureau exad-col-3\">\r\n                            <div class=\"exad-gallery-content-wrapper\">\r\n                                <div class=\"exad-gallery-image\">\r\n                                \r\n                                    <div class=\"exad-gallery-thumbnail-holder\" style=\"background-image: url('https:\/\/www.griffonne.fr\/wp-content\/uploads\/2023\/06\/07_Travail_oxygene.jpg');\"><\/div>\r\n                                        <div class=\"exad-gallery-item-overlay exad-zoom-in\">\r\n                                            <div class=\"exad-gallery-item-overlay-content\">\r\n                                                                                            <div class=\"exad-fg-icons\">\r\n                                                \r\n                                                        <a href=\"https:\/\/www.griffonne.fr\/wp-content\/uploads\/2023\/06\/07_Travail_oxygene.jpg\" data-elementor-open-lightbox=\"default\" data-elementor-lightbox-slideshow=\"964f42e\" data-elementor-lightbox-index=\"6\">\r\n                                                            <i aria-hidden=\"true\" class=\"fas fa-search\"><\/i>                                                        <\/a>\r\n                                                                                                    <\/div>\r\n                                                                                    <\/div>\r\n                                    <\/div>\r\n                                <\/div>\r\n                                <div class=\"exad-gallery-item-content below-image\"><h2>Travail oxyg\u00e9n\u00e9<\/h2><p>Bureau de 40 m\u00b2 \/  Sur plan<\/p><\/div>                            <\/div>\r\n                        <\/div>\r\n                                        <\/div>\r\n            <\/div>\r\n        <\/div>\r\n        \t\t\t\t<\/div>\n\t\t\t\t<\/div>\n\t\t\t\t\t<\/div>\n\t\t<\/div>\n\t\t\t\t\t<\/div>\n\t\t<\/section>\n\t\t\t\t<\/div>\n\t\t","protected":false},"excerpt":{"rendered":"<p>Galerie Choisissez une pi\u00e8ce Tous salon-s\u00e9jourcuisinesdbatelierbureau Voyage et d\u00e9tente Salon-s\u00e9jour de 25 m\u00b2 \/ Sur plan Convivialit\u00e9 et design Cuisine de 18 m\u00b2 \/ Maison neuve Ambiance Terracotta Salon de 31 m\u00b2 \/ R\u00e9novation Cocon relaxant SDB de 2,2 m\u00b2 \/ R\u00e9novation Creativit\u00e9 lib\u00e9r\u00e9e Atelier de 40 m\u00b2 \/ Sur plan Chic et romantique Cuisine [&hellip;]<\/p>\n","protected":false},"author":1,"featured_media":0,"parent":0,"menu_order":0,"comment_status":"closed","ping_status":"closed","template":"","meta":{"footnotes":""},"class_list":["post-22","page","type-page","status-publish","hentry","entry"],"yoast_head":"<!-- This site is optimized with the Yoast SEO plugin v27.4 - https:\/\/yoast.com\/product\/yoast-seo-wordpress\/ -->\n<title>Griffonne | Galerie<\/title>\n<meta name=\"description\" content=\"Besoin d&#039;inspiration ? Envie de d\u00e9couvrir mon travail ? N&#039;h\u00e9sitez pas, venez visiter ma collection d&#039;images issues de mes pr\u00e9c\u00e9dents projets\" \/>\n<meta name=\"robots\" content=\"index, follow, max-snippet:-1, max-image-preview:large, max-video-preview:-1\" \/>\n<link rel=\"canonical\" href=\"https:\/\/www.griffonne.fr\/index.php\/galerie\/\" \/>\n<meta property=\"og:locale\" content=\"fr_FR\" \/>\n<meta property=\"og:type\" content=\"article\" \/>\n<meta property=\"og:title\" content=\"Griffonne | Galerie\" \/>\n<meta property=\"og:description\" content=\"Besoin d&#039;inspiration ? Envie de d\u00e9couvrir mon travail ? N&#039;h\u00e9sitez pas, venez visiter ma collection d&#039;images issues de mes pr\u00e9c\u00e9dents projets\" \/>\n<meta property=\"og:url\" content=\"https:\/\/www.griffonne.fr\/index.php\/galerie\/\" \/>\n<meta property=\"og:site_name\" content=\"Griffonne\" \/>\n<meta property=\"article:modified_time\" content=\"2024-03-06T21:30:05+00:00\" \/>\n<meta name=\"twitter:card\" content=\"summary_large_image\" \/>\n<meta name=\"twitter:label1\" content=\"Dur\u00e9e de lecture estim\u00e9e\" \/>\n\t<meta name=\"twitter:data1\" content=\"1 minute\" \/>\n<script type=\"application\/ld+json\" class=\"yoast-schema-graph\">{\"@context\":\"https:\\\/\\\/schema.org\",\"@graph\":[{\"@type\":\"WebPage\",\"@id\":\"https:\\\/\\\/www.griffonne.fr\\\/index.php\\\/galerie\\\/\",\"url\":\"https:\\\/\\\/www.griffonne.fr\\\/index.php\\\/galerie\\\/\",\"name\":\"Griffonne | Galerie\",\"isPartOf\":{\"@id\":\"https:\\\/\\\/www.griffonne.fr\\\/#website\"},\"datePublished\":\"2023-06-25T16:37:02+00:00\",\"dateModified\":\"2024-03-06T21:30:05+00:00\",\"description\":\"Besoin d'inspiration ? Envie de d\u00e9couvrir mon travail ? N'h\u00e9sitez pas, venez visiter ma collection d'images issues de mes pr\u00e9c\u00e9dents projets\",\"breadcrumb\":{\"@id\":\"https:\\\/\\\/www.griffonne.fr\\\/index.php\\\/galerie\\\/#breadcrumb\"},\"inLanguage\":\"fr-FR\",\"potentialAction\":[{\"@type\":\"ReadAction\",\"target\":[\"https:\\\/\\\/www.griffonne.fr\\\/index.php\\\/galerie\\\/\"]}]},{\"@type\":\"BreadcrumbList\",\"@id\":\"https:\\\/\\\/www.griffonne.fr\\\/index.php\\\/galerie\\\/#breadcrumb\",\"itemListElement\":[{\"@type\":\"ListItem\",\"position\":1,\"name\":\"Accueil\",\"item\":\"https:\\\/\\\/www.griffonne.fr\\\/\"},{\"@type\":\"ListItem\",\"position\":2,\"name\":\"Galerie\"}]},{\"@type\":\"WebSite\",\"@id\":\"https:\\\/\\\/www.griffonne.fr\\\/#website\",\"url\":\"https:\\\/\\\/www.griffonne.fr\\\/\",\"name\":\"Griffonne\",\"description\":\"D\u00e9coratrice d&#039;int\u00e9rieur dans les Ardennes\",\"publisher\":{\"@id\":\"https:\\\/\\\/www.griffonne.fr\\\/#organization\"},\"potentialAction\":[{\"@type\":\"SearchAction\",\"target\":{\"@type\":\"EntryPoint\",\"urlTemplate\":\"https:\\\/\\\/www.griffonne.fr\\\/?s={search_term_string}\"},\"query-input\":{\"@type\":\"PropertyValueSpecification\",\"valueRequired\":true,\"valueName\":\"search_term_string\"}}],\"inLanguage\":\"fr-FR\"},{\"@type\":\"Organization\",\"@id\":\"https:\\\/\\\/www.griffonne.fr\\\/#organization\",\"name\":\"Griffonne\",\"url\":\"https:\\\/\\\/www.griffonne.fr\\\/\",\"logo\":{\"@type\":\"ImageObject\",\"inLanguage\":\"fr-FR\",\"@id\":\"https:\\\/\\\/www.griffonne.fr\\\/#\\\/schema\\\/logo\\\/image\\\/\",\"url\":\"https:\\\/\\\/www.griffonne.fr\\\/wp-content\\\/uploads\\\/2023\\\/06\\\/Favicon_logo_fond_blanc.png\",\"contentUrl\":\"https:\\\/\\\/www.griffonne.fr\\\/wp-content\\\/uploads\\\/2023\\\/06\\\/Favicon_logo_fond_blanc.png\",\"width\":834,\"height\":800,\"caption\":\"Griffonne\"},\"image\":{\"@id\":\"https:\\\/\\\/www.griffonne.fr\\\/#\\\/schema\\\/logo\\\/image\\\/\"}}]}<\/script>\n<!-- \/ Yoast SEO plugin. -->","yoast_head_json":{"title":"Griffonne | Galerie","description":"Besoin d'inspiration ? Envie de d\u00e9couvrir mon travail ? N'h\u00e9sitez pas, venez visiter ma collection d'images issues de mes pr\u00e9c\u00e9dents projets","robots":{"index":"index","follow":"follow","max-snippet":"max-snippet:-1","max-image-preview":"max-image-preview:large","max-video-preview":"max-video-preview:-1"},"canonical":"https:\/\/www.griffonne.fr\/index.php\/galerie\/","og_locale":"fr_FR","og_type":"article","og_title":"Griffonne | Galerie","og_description":"Besoin d'inspiration ? Envie de d\u00e9couvrir mon travail ? N'h\u00e9sitez pas, venez visiter ma collection d'images issues de mes pr\u00e9c\u00e9dents projets","og_url":"https:\/\/www.griffonne.fr\/index.php\/galerie\/","og_site_name":"Griffonne","article_modified_time":"2024-03-06T21:30:05+00:00","twitter_card":"summary_large_image","twitter_misc":{"Dur\u00e9e de lecture estim\u00e9e":"1 minute"},"schema":{"@context":"https:\/\/schema.org","@graph":[{"@type":"WebPage","@id":"https:\/\/www.griffonne.fr\/index.php\/galerie\/","url":"https:\/\/www.griffonne.fr\/index.php\/galerie\/","name":"Griffonne | Galerie","isPartOf":{"@id":"https:\/\/www.griffonne.fr\/#website"},"datePublished":"2023-06-25T16:37:02+00:00","dateModified":"2024-03-06T21:30:05+00:00","description":"Besoin d'inspiration ? Envie de d\u00e9couvrir mon travail ? N'h\u00e9sitez pas, venez visiter ma collection d'images issues de mes pr\u00e9c\u00e9dents projets","breadcrumb":{"@id":"https:\/\/www.griffonne.fr\/index.php\/galerie\/#breadcrumb"},"inLanguage":"fr-FR","potentialAction":[{"@type":"ReadAction","target":["https:\/\/www.griffonne.fr\/index.php\/galerie\/"]}]},{"@type":"BreadcrumbList","@id":"https:\/\/www.griffonne.fr\/index.php\/galerie\/#breadcrumb","itemListElement":[{"@type":"ListItem","position":1,"name":"Accueil","item":"https:\/\/www.griffonne.fr\/"},{"@type":"ListItem","position":2,"name":"Galerie"}]},{"@type":"WebSite","@id":"https:\/\/www.griffonne.fr\/#website","url":"https:\/\/www.griffonne.fr\/","name":"Griffonne","description":"D\u00e9coratrice d&#039;int\u00e9rieur dans les Ardennes","publisher":{"@id":"https:\/\/www.griffonne.fr\/#organization"},"potentialAction":[{"@type":"SearchAction","target":{"@type":"EntryPoint","urlTemplate":"https:\/\/www.griffonne.fr\/?s={search_term_string}"},"query-input":{"@type":"PropertyValueSpecification","valueRequired":true,"valueName":"search_term_string"}}],"inLanguage":"fr-FR"},{"@type":"Organization","@id":"https:\/\/www.griffonne.fr\/#organization","name":"Griffonne","url":"https:\/\/www.griffonne.fr\/","logo":{"@type":"ImageObject","inLanguage":"fr-FR","@id":"https:\/\/www.griffonne.fr\/#\/schema\/logo\/image\/","url":"https:\/\/www.griffonne.fr\/wp-content\/uploads\/2023\/06\/Favicon_logo_fond_blanc.png","contentUrl":"https:\/\/www.griffonne.fr\/wp-content\/uploads\/2023\/06\/Favicon_logo_fond_blanc.png","width":834,"height":800,"caption":"Griffonne"},"image":{"@id":"https:\/\/www.griffonne.fr\/#\/schema\/logo\/image\/"}}]}},"_links":{"self":[{"href":"https:\/\/www.griffonne.fr\/index.php\/wp-json\/wp\/v2\/pages\/22","targetHints":{"allow":["GET"]}}],"collection":[{"href":"https:\/\/www.griffonne.fr\/index.php\/wp-json\/wp\/v2\/pages"}],"about":[{"href":"https:\/\/www.griffonne.fr\/index.php\/wp-json\/wp\/v2\/types\/page"}],"author":[{"embeddable":true,"href":"https:\/\/www.griffonne.fr\/index.php\/wp-json\/wp\/v2\/users\/1"}],"replies":[{"embeddable":true,"href":"https:\/\/www.griffonne.fr\/index.php\/wp-json\/wp\/v2\/comments?post=22"}],"version-history":[{"count":47,"href":"https:\/\/www.griffonne.fr\/index.php\/wp-json\/wp\/v2\/pages\/22\/revisions"}],"predecessor-version":[{"id":1563,"href":"https:\/\/www.griffonne.fr\/index.php\/wp-json\/wp\/v2\/pages\/22\/revisions\/1563"}],"wp:attachment":[{"href":"https:\/\/www.griffonne.fr\/index.php\/wp-json\/wp\/v2\/media?parent=22"}],"curies":[{"name":"wp","href":"https:\/\/api.w.org\/{rel}","templated":true}]}}